{"id":3212,"date":"2022-12-24T02:16:45","date_gmt":"2022-12-24T02:16:45","guid":{"rendered":"https:\/\/kuyenraypapeleria.carlamf.com\/?post_type=product&#038;p=3212"},"modified":"2022-12-24T02:16:46","modified_gmt":"2022-12-24T02:16:46","slug":"planner-educadora-diferencial","status":"publish","type":"product","link":"https:\/\/kuyenraypapeleria.carlamf.com\/index.php\/producto\/planner-educadora-diferencial\/","title":{"rendered":"Planner Educadora Diferencial"},"content":{"rendered":"","protected":false},"excerpt":{"rendered":"<p>Especial para trabajar y llevar registro de todo lo necesario vinculado a los alumnos y su aprendizaje\ud83e\udd8b<br \/>\n\ud83c\udf19Tama\u00f1o a5 (15&#215;21)<\/p>\n<p>\ud83c\udf19Anillo met\u00e1lico<br \/>\n\ud83c\udf19Tapa dura termolaminada<\/p>\n<p>\ud83c\udf3aINCLUYE:<br \/>\n\ud83c\udf19Hoja de datos personales y laborales<br \/>\n\ud83c\udf19Calendario<br \/>\n\ud83c\udf19Horario para dos semestres<br \/>\n\ud83c\udf19Fechas importantes por mes<br \/>\n\ud83c\udf19Decretos<br \/>\n\ud83c\udf19Taxonom\u00eda de Bloom<br \/>\n\ud83c\udf19Registro de objetivos de aprendizaje<br \/>\n\ud83c\udf19Planificaci\u00f3n semanal para 60 semanas<br \/>\n\ud83c\udf19Registro de alumnos<br \/>\n\ud83c\udf19Registro evaluativo de cada curso<br \/>\n\ud83c\udf19Citaci\u00f3n de apoderados<\/p>\n<p>\ud83c\udf3aDuraci\u00f3n: 1 a\u00f1o acad\u00e9mico completo<\/p>\n","protected":false},"featured_media":3213,"comment_status":"open","ping_status":"closed","template":"","meta":[],"product_brand":[],"product_cat":[27],"product_tag":[],"class_list":{"0":"post-3212","1":"product","2":"type-product","3":"status-publish","4":"has-post-thumbnail","6":"product_cat-planners","7":"rishi-post","9":"first","10":"instock","11":"shipping-taxable","12":"purchasable","13":"product-type-simple"},"_links":{"self":[{"href":"https:\/\/kuyenraypapeleria.carlamf.com\/index.php\/wp-json\/wp\/v2\/product\/3212","targetHints":{"allow":["GET"]}}],"collection":[{"href":"https:\/\/kuyenraypapeleria.carlamf.com\/index.php\/wp-json\/wp\/v2\/product"}],"about":[{"href":"https:\/\/kuyenraypapeleria.carlamf.com\/index.php\/wp-json\/wp\/v2\/types\/product"}],"replies":[{"embeddable":true,"href":"https:\/\/kuyenraypapeleria.carlamf.com\/index.php\/wp-json\/wp\/v2\/comments?post=3212"}],"wp:featuredmedia":[{"embeddable":true,"href":"https:\/\/kuyenraypapeleria.carlamf.com\/index.php\/wp-json\/wp\/v2\/media\/3213"}],"wp:attachment":[{"href":"https:\/\/kuyenraypapeleria.carlamf.com\/index.php\/wp-json\/wp\/v2\/media?parent=3212"}],"wp:term":[{"taxonomy":"product_brand","embeddable":true,"href":"https:\/\/kuyenraypapeleria.carlamf.com\/index.php\/wp-json\/wp\/v2\/product_brand?post=3212"},{"taxonomy":"product_cat","embeddable":true,"href":"https:\/\/kuyenraypapeleria.carlamf.com\/index.php\/wp-json\/wp\/v2\/product_cat?post=3212"},{"taxonomy":"product_tag","embeddable":true,"href":"https:\/\/kuyenraypapeleria.carlamf.com\/index.php\/wp-json\/wp\/v2\/product_tag?post=3212"}],"curies":[{"name":"wp","href":"https:\/\/api.w.org\/{rel}","templated":true}]}}